{"id":3716,"date":"2024-06-27T14:32:44","date_gmt":"2024-06-27T14:32:44","guid":{"rendered":"https:\/\/www.excellence-group.lu\/clervaux\/balades-a-velo\/"},"modified":"2024-07-12T09:29:38","modified_gmt":"2024-07-12T09:29:38","slug":"fahrradrouten-luxembourg","status":"publish","type":"page","link":"https:\/\/www.excellence-group.lu\/de\/clervaux\/fahrradrouten-luxembourg\/","title":{"rendered":"Fahrradtouren"},"content":{"rendered":"<p>Entdecken Sie die Sch\u00f6nheit der luxemburgischen Ardennen, indem Sie mit dem Fahrrad durch die wundersch\u00f6ne Landschaft rund um Clervaux fahren.<\/p>\n<p>Dank des Qualit\u00e4tssiegels &#8222;Bed &amp; Bike&#8220; sind die Hotels der Excellence-Gruppe der ideale Ausgangspunkt f\u00fcr Ihr Fahrradabenteuer. Sie bieten allen Komfort und Service, den Sie f\u00fcr einen unvergesslichen Fahrradurlaub ben\u00f6tigen.<\/p>\n<h3>Fahrradurlaub in Clervaux: eine Unterkunft mit Bed &amp; Bike-Zertifizierung.<\/h3>\n<p>Sowohl das Clervaux Boutique Hotel als auch das Koener Hotel, die beide im Herzen des historischen Zentrums von Clervaux liegen, sind stolz darauf, als &#8222;Bed &amp; Bike&#8220; zertifiziert zu sein. Dieses G\u00fctesiegel garantiert einen erstklassigen Empfang f\u00fcr Radfahrer mit speziell auf ihre Bed\u00fcrfnisse zugeschnittenen Dienstleistungen. Fahrradliebhaber finden hier den perfekten Rahmen, um sich zu erholen und sich auf ihre Ausfl\u00fcge vorzubereiten.<\/p>\n<h4>Sichere Fahrradabstellpl\u00e4tze f\u00fcr einen unbeschwerten Aufenthalt.<\/h4>\n<p>Um die Sicherheit Ihres wertvollen Zweirads zu gew\u00e4hrleisten, verf\u00fcgen unsere Hotels \u00fcber einen sicheren Fahrradparkplatz. So k\u00f6nnen Sie Ihr Fahrrad in aller Ruhe \u00fcber Nacht abstellen und Ihre Erkundungstage unbeschwert genie\u00dfen.<\/p>\n","protected":false},"excerpt":{"rendered":"<p>Entdecken Sie die Sch\u00f6nheit der luxemburgischen Ardennen, indem Sie mit dem Fahrrad durch die wundersch\u00f6ne Landschaft rund um Clervaux fahren. Dank des Qualit\u00e4tssiegels &#8222;Bed &amp; Bike&#8220; sind die Hotels der Excellence-Gruppe der ideale Ausgangspunkt f\u00fcr Ihr Fahrradabenteuer. Sie bieten allen Komfort und Service, den Sie f\u00fcr einen unvergesslichen Fahrradurlaub ben\u00f6tigen. Fahrradurlaub in Clervaux: eine Unterkunft [&hellip;]<\/p>\n","protected":false},"author":399,"featured_media":3633,"parent":927,"menu_order":0,"comment_status":"closed","ping_status":"closed","template":"template-single-wedding.php","meta":{"footnotes":""},"class_list":["post-3716","page","type-page","status-publish","has-post-thumbnail","hentry"],"yoast_head":"<!-- This site is optimized with the Yoast SEO plugin v26.9 - https:\/\/yoast.com\/product\/yoast-seo-wordpress\/ -->\n<title>Fahrradtouren - Excellence Group<\/title>\n<meta name=\"description\" content=\"A la recherche d&#039;id\u00e9es de randonn\u00e9es, balades et parcours v\u00e9lo pour explorer Clervaux et l&#039;Ardennes Luxembourgeoises Eislek? Consulte cet article!\" \/>\n<meta name=\"robots\" content=\"index, follow, max-snippet:-1, max-image-preview:large, max-video-preview:-1\" \/>\n<link rel=\"canonical\" href=\"https:\/\/www.excellence-group.lu\/de\/clervaux\/fahrradrouten-luxembourg\/\" \/>\n<meta property=\"og:locale\" content=\"de_DE\" \/>\n<meta property=\"og:type\" content=\"article\" \/>\n<meta property=\"og:title\" content=\"Fahrradtouren - Excellence Group\" \/>\n<meta property=\"og:description\" content=\"A la recherche d&#039;id\u00e9es de randonn\u00e9es, balades et parcours v\u00e9lo pour explorer Clervaux et l&#039;Ardennes Luxembourgeoises Eislek? Consulte cet article!\" \/>\n<meta property=\"og:url\" content=\"https:\/\/www.excellence-group.lu\/de\/clervaux\/fahrradrouten-luxembourg\/\" \/>\n<meta property=\"og:site_name\" content=\"Excellence Group\" \/>\n<meta property=\"article:modified_time\" content=\"2024-07-12T09:29:38+00:00\" \/>\n<meta property=\"og:image\" content=\"https:\/\/www.excellence-group.lu\/wp-content\/uploads\/sites\/281\/2024\/06\/balade-velo-clervaux-scaled.jpg\" \/>\n\t<meta property=\"og:image:width\" content=\"2560\" \/>\n\t<meta property=\"og:image:height\" content=\"1707\" \/>\n\t<meta property=\"og:image:type\" content=\"image\/jpeg\" \/>\n<meta name=\"twitter:card\" content=\"summary_large_image\" \/>\n<meta name=\"twitter:label1\" content=\"Gesch\u00e4tzte Lesezeit\" \/>\n\t<meta name=\"twitter:data1\" content=\"1 Minute\" \/>\n<script type=\"application\/ld+json\" class=\"yoast-schema-graph\">{\"@context\":\"https:\/\/schema.org\",\"@graph\":[{\"@type\":\"WebPage\",\"@id\":\"https:\/\/www.excellence-group.lu\/de\/clervaux\/fahrradrouten-luxembourg\/\",\"url\":\"https:\/\/www.excellence-group.lu\/de\/clervaux\/fahrradrouten-luxembourg\/\",\"name\":\"Fahrradtouren - Excellence Group\",\"isPartOf\":{\"@id\":\"https:\/\/www.excellence-group.lu\/de\/#website\"},\"primaryImageOfPage\":{\"@id\":\"https:\/\/www.excellence-group.lu\/de\/clervaux\/fahrradrouten-luxembourg\/#primaryimage\"},\"image\":{\"@id\":\"https:\/\/www.excellence-group.lu\/de\/clervaux\/fahrradrouten-luxembourg\/#primaryimage\"},\"thumbnailUrl\":\"https:\/\/www.excellence-group.lu\/wp-content\/uploads\/sites\/281\/2024\/06\/balade-velo-clervaux-scaled.jpg\",\"datePublished\":\"2024-06-27T14:32:44+00:00\",\"dateModified\":\"2024-07-12T09:29:38+00:00\",\"description\":\"A la recherche d'id\u00e9es de randonn\u00e9es, balades et parcours v\u00e9lo pour explorer Clervaux et l'Ardennes Luxembourgeoises Eislek? Consulte cet article!\",\"breadcrumb\":{\"@id\":\"https:\/\/www.excellence-group.lu\/de\/clervaux\/fahrradrouten-luxembourg\/#breadcrumb\"},\"inLanguage\":\"de-DE\",\"potentialAction\":[{\"@type\":\"ReadAction\",\"target\":[\"https:\/\/www.excellence-group.lu\/de\/clervaux\/fahrradrouten-luxembourg\/\"]}]},{\"@type\":\"ImageObject\",\"inLanguage\":\"de-DE\",\"@id\":\"https:\/\/www.excellence-group.lu\/de\/clervaux\/fahrradrouten-luxembourg\/#primaryimage\",\"url\":\"https:\/\/www.excellence-group.lu\/wp-content\/uploads\/sites\/281\/2024\/06\/balade-velo-clervaux-scaled.jpg\",\"contentUrl\":\"https:\/\/www.excellence-group.lu\/wp-content\/uploads\/sites\/281\/2024\/06\/balade-velo-clervaux-scaled.jpg\",\"width\":2560,\"height\":1707},{\"@type\":\"BreadcrumbList\",\"@id\":\"https:\/\/www.excellence-group.lu\/de\/clervaux\/fahrradrouten-luxembourg\/#breadcrumb\",\"itemListElement\":[{\"@type\":\"ListItem\",\"position\":1,\"name\":\"Home\",\"item\":\"https:\/\/www.excellence-group.lu\/de\/\"},{\"@type\":\"ListItem\",\"position\":2,\"name\":\"Clervaux\",\"item\":\"https:\/\/www.excellence-group.lu\/de\/clervaux\/\"},{\"@type\":\"ListItem\",\"position\":3,\"name\":\"Fahrradtouren\"}]},{\"@type\":\"WebSite\",\"@id\":\"https:\/\/www.excellence-group.lu\/de\/#website\",\"url\":\"https:\/\/www.excellence-group.lu\/de\/\",\"name\":\"Excellence Group\",\"description\":\"Just another ms.decms.eu site\",\"potentialAction\":[{\"@type\":\"SearchAction\",\"target\":{\"@type\":\"EntryPoint\",\"urlTemplate\":\"https:\/\/www.excellence-group.lu\/de\/?s={search_term_string}\"},\"query-input\":{\"@type\":\"PropertyValueSpecification\",\"valueRequired\":true,\"valueName\":\"search_term_string\"}}],\"inLanguage\":\"de-DE\"}]}<\/script>\n<!-- \/ Yoast SEO plugin. -->","yoast_head_json":{"title":"Fahrradtouren - Excellence Group","description":"A la recherche d'id\u00e9es de randonn\u00e9es, balades et parcours v\u00e9lo pour explorer Clervaux et l'Ardennes Luxembourgeoises Eislek? Consulte cet article!","robots":{"index":"index","follow":"follow","max-snippet":"max-snippet:-1","max-image-preview":"max-image-preview:large","max-video-preview":"max-video-preview:-1"},"canonical":"https:\/\/www.excellence-group.lu\/de\/clervaux\/fahrradrouten-luxembourg\/","og_locale":"de_DE","og_type":"article","og_title":"Fahrradtouren - Excellence Group","og_description":"A la recherche d'id\u00e9es de randonn\u00e9es, balades et parcours v\u00e9lo pour explorer Clervaux et l'Ardennes Luxembourgeoises Eislek? Consulte cet article!","og_url":"https:\/\/www.excellence-group.lu\/de\/clervaux\/fahrradrouten-luxembourg\/","og_site_name":"Excellence Group","article_modified_time":"2024-07-12T09:29:38+00:00","og_image":[{"width":2560,"height":1707,"url":"https:\/\/www.excellence-group.lu\/wp-content\/uploads\/sites\/281\/2024\/06\/balade-velo-clervaux-scaled.jpg","type":"image\/jpeg"}],"twitter_card":"summary_large_image","twitter_misc":{"Gesch\u00e4tzte Lesezeit":"1 Minute"},"schema":{"@context":"https:\/\/schema.org","@graph":[{"@type":"WebPage","@id":"https:\/\/www.excellence-group.lu\/de\/clervaux\/fahrradrouten-luxembourg\/","url":"https:\/\/www.excellence-group.lu\/de\/clervaux\/fahrradrouten-luxembourg\/","name":"Fahrradtouren - Excellence Group","isPartOf":{"@id":"https:\/\/www.excellence-group.lu\/de\/#website"},"primaryImageOfPage":{"@id":"https:\/\/www.excellence-group.lu\/de\/clervaux\/fahrradrouten-luxembourg\/#primaryimage"},"image":{"@id":"https:\/\/www.excellence-group.lu\/de\/clervaux\/fahrradrouten-luxembourg\/#primaryimage"},"thumbnailUrl":"https:\/\/www.excellence-group.lu\/wp-content\/uploads\/sites\/281\/2024\/06\/balade-velo-clervaux-scaled.jpg","datePublished":"2024-06-27T14:32:44+00:00","dateModified":"2024-07-12T09:29:38+00:00","description":"A la recherche d'id\u00e9es de randonn\u00e9es, balades et parcours v\u00e9lo pour explorer Clervaux et l'Ardennes Luxembourgeoises Eislek? Consulte cet article!","breadcrumb":{"@id":"https:\/\/www.excellence-group.lu\/de\/clervaux\/fahrradrouten-luxembourg\/#breadcrumb"},"inLanguage":"de-DE","potentialAction":[{"@type":"ReadAction","target":["https:\/\/www.excellence-group.lu\/de\/clervaux\/fahrradrouten-luxembourg\/"]}]},{"@type":"ImageObject","inLanguage":"de-DE","@id":"https:\/\/www.excellence-group.lu\/de\/clervaux\/fahrradrouten-luxembourg\/#primaryimage","url":"https:\/\/www.excellence-group.lu\/wp-content\/uploads\/sites\/281\/2024\/06\/balade-velo-clervaux-scaled.jpg","contentUrl":"https:\/\/www.excellence-group.lu\/wp-content\/uploads\/sites\/281\/2024\/06\/balade-velo-clervaux-scaled.jpg","width":2560,"height":1707},{"@type":"BreadcrumbList","@id":"https:\/\/www.excellence-group.lu\/de\/clervaux\/fahrradrouten-luxembourg\/#breadcrumb","itemListElement":[{"@type":"ListItem","position":1,"name":"Home","item":"https:\/\/www.excellence-group.lu\/de\/"},{"@type":"ListItem","position":2,"name":"Clervaux","item":"https:\/\/www.excellence-group.lu\/de\/clervaux\/"},{"@type":"ListItem","position":3,"name":"Fahrradtouren"}]},{"@type":"WebSite","@id":"https:\/\/www.excellence-group.lu\/de\/#website","url":"https:\/\/www.excellence-group.lu\/de\/","name":"Excellence Group","description":"Just another ms.decms.eu site","potentialAction":[{"@type":"SearchAction","target":{"@type":"EntryPoint","urlTemplate":"https:\/\/www.excellence-group.lu\/de\/?s={search_term_string}"},"query-input":{"@type":"PropertyValueSpecification","valueRequired":true,"valueName":"search_term_string"}}],"inLanguage":"de-DE"}]}},"acf":[],"_links":{"self":[{"href":"https:\/\/www.excellence-group.lu\/de\/wp-json\/wp\/v2\/pages\/3716","targetHints":{"allow":["GET"]}}],"collection":[{"href":"https:\/\/www.excellence-group.lu\/de\/wp-json\/wp\/v2\/pages"}],"about":[{"href":"https:\/\/www.excellence-group.lu\/de\/wp-json\/wp\/v2\/types\/page"}],"author":[{"embeddable":true,"href":"https:\/\/www.excellence-group.lu\/de\/wp-json\/wp\/v2\/users\/399"}],"replies":[{"embeddable":true,"href":"https:\/\/www.excellence-group.lu\/de\/wp-json\/wp\/v2\/comments?post=3716"}],"version-history":[{"count":0,"href":"https:\/\/www.excellence-group.lu\/de\/wp-json\/wp\/v2\/pages\/3716\/revisions"}],"up":[{"embeddable":true,"href":"https:\/\/www.excellence-group.lu\/de\/wp-json\/wp\/v2\/pages\/927"}],"wp:featuredmedia":[{"embeddable":true,"href":"https:\/\/www.excellence-group.lu\/de\/wp-json\/wp\/v2\/media\/3633"}],"wp:attachment":[{"href":"https:\/\/www.excellence-group.lu\/de\/wp-json\/wp\/v2\/media?parent=3716"}],"curies":[{"name":"wp","href":"https:\/\/api.w.org\/{rel}","templated":true}]}}

<p>Entdecken Sie die Schönheit der luxemburgischen Ardennen, indem Sie mit dem Fahrrad durch die wunderschöne Landschaft rund um Clervaux fahren.</p>
<p>Dank des Qualitätssiegels &#8222;Bed &amp; Bike&#8220; sind die Hotels der Excellence-Gruppe der ideale Ausgangspunkt für Ihr Fahrradabenteuer. Sie bieten allen Komfort und Service, den Sie für einen unvergesslichen Fahrradurlaub benötigen.</p>
<h3>Fahrradurlaub in Clervaux: eine Unterkunft mit Bed &amp; Bike-Zertifizierung.</h3>
<p>Sowohl das Clervaux Boutique Hotel als auch das Koener Hotel, die beide im Herzen des historischen Zentrums von Clervaux liegen, sind stolz darauf, als &#8222;Bed &amp; Bike&#8220; zertifiziert zu sein. Dieses Gütesiegel garantiert einen erstklassigen Empfang für Radfahrer mit speziell auf ihre Bedürfnisse zugeschnittenen Dienstleistungen. Fahrradliebhaber finden hier den perfekten Rahmen, um sich zu erholen und sich auf ihre Ausflüge vorzubereiten.</p>
<h4>Sichere Fahrradabstellplätze für einen unbeschwerten Aufenthalt.</h4>
<p>Um die Sicherheit Ihres wertvollen Zweirads zu gewährleisten, verfügen unsere Hotels über einen sicheren Fahrradparkplatz. So können Sie Ihr Fahrrad in aller Ruhe über Nacht abstellen und Ihre Erkundungstage unbeschwert genießen.</p>

<p>Entdecken Sie die Schönheit der luxemburgischen Ardennen, indem Sie mit dem Fahrrad durch die wunderschöne Landschaft rund um Clervaux fahren. Dank des Qualitätssiegels &#8222;Bed &amp; Bike&#8220; sind die Hotels der Excellence-Gruppe der ideale Ausgangspunkt für Ihr Fahrradabenteuer. Sie bieten allen Komfort und Service, den Sie für einen unvergesslichen Fahrradurlaub benötigen. Fahrradurlaub in Clervaux: eine Unterkunft [&hellip;]</p>

<!-- This site is optimized with the Yoast SEO plugin v26.9 - https://yoast.com/product/yoast-seo-wordpress/ -->
<title>Fahrradtouren - Excellence Group</title>
<meta name="description" content="A la recherche d&#039;idées de randonnées, balades et parcours vélo pour explorer Clervaux et l&#039;Ardennes Luxembourgeoises Eislek? Consulte cet article!" />
<meta name="robots" content="index, follow, max-snippet:-1, max-image-preview:large, max-video-preview:-1" />
<link rel="canonical" href="https://www.excellence-group.lu/de/clervaux/fahrradrouten-luxembourg/" />
<meta property="og:locale" content="de_DE" />
<meta property="og:type" content="article" />
<meta property="og:title" content="Fahrradtouren - Excellence Group" />
<meta property="og:description" content="A la recherche d&#039;idées de randonnées, balades et parcours vélo pour explorer Clervaux et l&#039;Ardennes Luxembourgeoises Eislek? Consulte cet article!" />
<meta property="og:url" content="https://www.excellence-group.lu/de/clervaux/fahrradrouten-luxembourg/" />
<meta property="og:site_name" content="Excellence Group" />
<meta property="article:modified_time" content="2024-07-12T09:29:38+00:00" />
<meta property="og:image" content="https://www.excellence-group.lu/wp-content/uploads/sites/281/2024/06/balade-velo-clervaux-scaled.jpg" />
	<meta property="og:image:width" content="2560" />
	<meta property="og:image:height" content="1707" />
	<meta property="og:image:type" content="image/jpeg" />
<meta name="twitter:card" content="summary_large_image" />
<meta name="twitter:label1" content="Geschätzte Lesezeit" />
	<meta name="twitter:data1" content="1 Minute" />
<script type="application/ld+json" class="yoast-schema-graph">{"@context":"https://schema.org","@graph":[{"@type":"WebPage","@id":"https://www.excellence-group.lu/de/clervaux/fahrradrouten-luxembourg/","url":"https://www.excellence-group.lu/de/clervaux/fahrradrouten-luxembourg/","name":"Fahrradtouren - Excellence Group","isPartOf":{"@id":"https://www.excellence-group.lu/de/#website"},"primaryImageOfPage":{"@id":"https://www.excellence-group.lu/de/clervaux/fahrradrouten-luxembourg/#primaryimage"},"image":{"@id":"https://www.excellence-group.lu/de/clervaux/fahrradrouten-luxembourg/#primaryimage"},"thumbnailUrl":"https://www.excellence-group.lu/wp-content/uploads/sites/281/2024/06/balade-velo-clervaux-scaled.jpg","datePublished":"2024-06-27T14:32:44+00:00","dateModified":"2024-07-12T09:29:38+00:00","description":"A la recherche d'idées de randonnées, balades et parcours vélo pour explorer Clervaux et l'Ardennes Luxembourgeoises Eislek? Consulte cet article!","breadcrumb":{"@id":"https://www.excellence-group.lu/de/clervaux/fahrradrouten-luxembourg/#breadcrumb"},"inLanguage":"de-DE","potentialAction":[{"@type":"ReadAction","target":["https://www.excellence-group.lu/de/clervaux/fahrradrouten-luxembourg/"]}]},{"@type":"ImageObject","inLanguage":"de-DE","@id":"https://www.excellence-group.lu/de/clervaux/fahrradrouten-luxembourg/#primaryimage","url":"https://www.excellence-group.lu/wp-content/uploads/sites/281/2024/06/balade-velo-clervaux-scaled.jpg","contentUrl":"https://www.excellence-group.lu/wp-content/uploads/sites/281/2024/06/balade-velo-clervaux-scaled.jpg","width":2560,"height":1707},{"@type":"BreadcrumbList","@id":"https://www.excellence-group.lu/de/clervaux/fahrradrouten-luxembourg/#breadcrumb","itemListElement":[{"@type":"ListItem","position":1,"name":"Home","item":"https://www.excellence-group.lu/de/"},{"@type":"ListItem","position":2,"name":"Clervaux","item":"https://www.excellence-group.lu/de/clervaux/"},{"@type":"ListItem","position":3,"name":"Fahrradtouren"}]},{"@type":"WebSite","@id":"https://www.excellence-group.lu/de/#website","url":"https://www.excellence-group.lu/de/","name":"Excellence Group","description":"Just another ms.decms.eu site","potentialAction":[{"@type":"SearchAction","target":{"@type":"EntryPoint","urlTemplate":"https://www.excellence-group.lu/de/?s={search_term_string}"},"query-input":{"@type":"PropertyValueSpecification","valueRequired":true,"valueName":"search_term_string"}}],"inLanguage":"de-DE"}]}</script>
<!-- / Yoast SEO plugin. -->

A la recherche d'idées de randonnées, balades et parcours vélo pour explorer Clervaux et l'Ardennes Luxembourgeoises Eislek? Consulte cet article!
